= -6*q - q**2 - q - b + 2*q + q. What is c(-4)?
-6
Let c(f) = -f**2 - 9*f - 5. Suppose a = -1, -w - 2*a - 2*a = 12. Give c(w).
3
Let i(w) = -w**3 - 6*w**2 + 3. Let d be i(-6). Let p(c) = c**2 + c - 2. Let x(l) = -6*l**2 - 5*l + 11. Let q(h) = -11*p(h) - 2*x(h). Determine q(d).
6
Let s(z) be the third derivative of 9*z**5/20 - z**4/12 + z**3/6 + z**2 - 13. Give s(1).
26
Let x = 42 - 27. Let f(y) = 15*y**2 + 1 - x*y**2 + 4*y + 5*y**3. Let m(v) = 14*v**3 + v**2 + 11*v + 2. Let o(d) = -11*f(d) + 4*m(d). Determine o(-3).
6
Let r(l) be the third derivative of l**6/360 + l**5/40 - 3*l**4/8 + 5*l**2. Let j(k) be the second derivative of r(k). What is j(-3)?
-3
Let y(g) = -g - 3. Let l be y(4). Let u = l - -10. Let x(r) be the first derivative of -r**4/4 + r**3/3 + 3*r**2/2 + 4*r + 2. What is x(u)?
-5
Suppose -5*n + 13 = -2*v, 5*v + 5*n = 3*n - 18. Let a = v + 12. Let t = 3 - a. Let z(d) = d**2 + 5*d + 2. Calculate z(t).
2
Let h(q) be the third derivative of 3*q**2 + 1/24*q**4 - q**3 + 0*q + 0. Determine h(6).
0
Let i(x) = -x - 1. Let b(k) = -k**2 + k. Let h(a) = -3*b(a) - 2*i(a). Give h(2).
12
Let y(p) be the third derivative of -p**5/60 + 7*p**4/24 - p**3/2 + 18*p**2. What is y(7)?
-3
Let x(n) = 3*n**2 + n - n**3 - n + 2*n. Determine x(3).
6
Let y(z) = -2*z - 8. Let n(w) = 2*w + 8. Let h(v) = -4*n(v) - 3*y(v). Determine h(-6).
4
Let g be 2*((-27)/(-6) + -3). Suppose -2*t - 4 = -g*t. Let h(m) = -5*m**2 - m**3 + 4 - t - 2 - 4*m. Give h(-4).
-2
Let p(i) = -50 - i + 57 + 0*i. Determine p(5).
2
Let r be 7/(-5) - 2/(-5). Let m(j) be the first derivative of -1/3*j**3 + 0*j - 2*j**4 - 7 - 1/2*j**2. Determine m(r).
8
Let o(b) = b**3 + 9. Let l(t) = -t**2 + 5*t - 4. Let y be l(3). Suppose -5*r = -4*z - 15, -y*z - 3*z + 3*r = 9. Determine o(z).
9
Let c(d) be the first derivative of 2*d**4 - d**3/3 - d**2 - d - 1. Let r be 4/1 - (14 - 9). Give c(r).
-8
Let r(k) be the first derivative of -k**2/2 - 2. What is r(3)?
-3
Let m(r) be the second derivative of -r**3/3 + 3*r**2/2 + 14*r. Let w(c) = -c**3 + c**2 + c - 1. Let b be w(2). Calculate m(b).
9
Suppose 9*n + 17 = 10*n. Let i(d) = n*d - 9*d - 7*d - 1. What is i(-1)?
-2
Let i(u) = -u + 7. Suppose n + 6 = 3*n. Let c(y) = 0*y**2 + 2*y + 0*y**2 - 2*y**2 - y**n - 4 - y**2. Let l be c(-4). Determine i(l).
3
Suppose -6 - 6 = -3*g. Suppose -2*c + 4*c - 4 = 0. Let s(h) = g - 3*h - 6 + 1 + c*h. What is s(3)?
-4
Let s(t) = 5*t + 8. Let x(c) = 14*c + 23. Let z(u) = 17*s(u) - 6*x(u). Determine z(4).
2
Let x(c) be the third derivative of 1/6*c**3 + 0*c - 1/8*c**4 - 2*c**2 + 0. What is x(-2)?
7
Let c(d) = -3*d**2 + 17*d + 16. Let b(j) = 5*j**2 - 33*j - 31. Let h(r) = -4*b(r) - 7*c(r). Calculate h(-11).
-10
Let s(x) be the second derivative of x**3/2 - 7*x**2/2 - 5*x. Suppose l + d - 2 - 1 = 0, -3*l = -2*d - 19. Determine s(l).
8
Let c(m) be the first derivative of -m**2/2 - m + 1. Let i be 48/(-9) + (-2)/3. Calculate c(i).
5
Let j be (2 - (-1)/(-2))*-2. Let d be (-24)/(-4)*(j - -2). Let l(z) = z**2 + 6*z + 2. What is l(d)?
2
Let o(q) = 5*q**3 + q**2. Let m(c) = -5*c + 1. Let t be m(1). Let l be (3/6*t)/(-2). Let k be o(l). Let v(y) = -y + 3. Determine v(k).
-3
Let v(s) be the first derivative of -1 + s**2 - 1/6*s**3 + 1/24*s**4 + 0*s. Let y(t) be the second derivative of v(t). What is y(2)?
1
Let m(z) = 13*z**3 + z**2 - 5*z + 7. Let t(g) = -7*g**3 - g**2 + 3*g - 4. Let w(i) = 3*m(i) + 5*t(i). Determine w(1).
3
Let h(o) be the third derivative of o**5/10 - o**4/24 - 11*o**2. Let f = -4 + 9. Suppose -5*l + f = -0. Determine h(l).
5
Suppose 0 = 3*d + 9 - 0. Let y(z) = -7*z**2 - 2*z + 8. Let j = -3 - 14. Let w(g) = -20*g**2 - 6*g + 23. Let l(c) = j*y(c) + 6*w(c). Calculate l(d).
-1
Suppose -5*s + 7*g + 10 = 3*g, -3*g = -15. Let d(v) = 4 - v**2 + 2*v - 4 - s - v. Calculate d(0).
-6
Let q(c) = c. Let m(b) be the second derivative of b**5/20 - 11*b**4/12 + b. Let k be m(11). Determine q(k).
0
Let x(y) = -9*y**2 + 9*y - 9. Let q(a) = 5*a**2 - 4*a + 4. Suppose o - 6 - 17 = -5*r, -4*r + 25 = 3*o. Let l(w) = r*x(w) + 9*q(w). Determine l(1).
9
Let s(j) = j + 1. Let i be s(5). Let h(n) be the third derivative of -n**6/120 + 7*n**5/60 - 5*n**4/24 + n**3/6 + 5*n**2. Determine h(i).
7
Let i(v) = -3*v - 6. Let c(u) = -u**3 - u**2 + 3*u + 3. Let g be c(-3). Suppose -2*b = -5*b + g, o + 4*b - 11 = 0. What is i(o)?
9
Let b(i) = 7*i**3 + 10*i**2 - 2*i - 2. Suppose -8 + 2 = w. Let q(d) = -8*d**3 - 11*d**2 + 3*d + 3. Let t(c) = w*q(c) - 7*b(c). Determine t(-4).
12
Let b(z) = z**3 + 6*z**2 - z + 4. Let w be b(-6). Let m(y) = y**3 - 9*y**2 - 11*y + 5. Calculate m(w).
-5
Let p(d) = d**2 + d - 5. Let c(n) = -n + 0 + 4*n - 1. Let y be c(1). Suppose 0 = h - y + 6. What is p(h)?
7
Let a(o) = -3*o + 4. Let s(c) = -13*c + 17. Let n(m) = 9*a(m) - 2*s(m). Calculate n(0).
2
Let t(g) = g**3 + g + 1. Let m(u) = u**3 - 4*u**2 - 2*u - 2. Let q(f) = m(f) - 2*t(f). Suppose -2 = -2*r - 4. Let p be 1*3*(-2 - r). Give q(p).
-1
Suppose -5*p + 45 = -5*s, -3*p - 4*s + 2 - 3 = 0. Let m(g) = -g**2 + 2*g + 10. Let z be m(p). Let i(x) = x + 5. Give i(z).
0
Let v be 12/(-24) + (-26)/(-4). Let s(y) = -y**2 - y - 1. Let d(g) = -7*g**2 - g - 1. Let r(f) = -d(f) + 6*s(f). Determine r(v).
1
Let k(r) = -r**3 - 5*r**2 + 3*r + 7. Let a(d) = -3*d - 20. Let o be a(-5). Calculate k(o).
-8
Let a(l) be the first derivative of -1/2*l**2 - 2 + 9*l. Let x(v) = -1. Let w(z) = a(z) + 6*x(z). Determine w(5).
-2
Let x(i) = i + 4. Suppose -17 = 4*o + 5*g, 12 = -5*o + 3*g - 0*g. Let m = -7 - o. Calculate x(m).
0
Let s(h) = 0 + 15*h + 0 - 23*h. Give s(1).
-8
Let f(j) be the third derivative of -j**5/120 - j**4/24 + j**3/2 + 2*j**2. Let x(q) be the first derivative of f(q). Suppose -2*g - 20 = 3*g. Give x(g).
3
Let j(f) = -f**2 - 5*f + 1. Let d be j(-4). Suppose q + 3*i = -2*i - 1, 2*q + d*i = -2. Let b(o) = 5*o**2 + 11*o**3 + 0*o**2 - 4*o**2. Determine b(q).
-10
Suppose -6*p = 43 - 61. Let a(g) = -3*g + 2. Let y(d) = d - 1. Let o(x) = -4*a(x) - 11*y(x). Determine o(p).
6
Let z = -33 + 34. Let m(n) = n - 2*n - 3*n. Calculate m(z).
-4
Let b(f) be the second derivative of f**4/12 + f. Let k(m) = m**2 - 1 + 2*m**3 + 2*m**3 - 2*m**3. Let d be k(1). Give b(d).
4
Suppose 4*v = 5*z - 21, -4*v = -8*v - 16. Let p(n) = 10*n**2 + 1. Determine p(z).
11
Let o(d) = 5*d - 31 + 32 - d. Calculate o(-2).
-7
Let m(n) = 0*n + 2*n - 3 - 3*n. Let f(z) = -6*z + 25. Let g be f(5). What is m(g)?
2
Let r be (-2)/((1 - 2)*2). Let v(p) = -2*p**2 - 6*p + 1. Let c(q) = -q**2. Let y(w) = r*v(w) - 3*c(w). Give y(6).
1
Let z(n) = -n**3 + 3*n**2 - 1. Let m be 2 - 3/((-3)/4). Let s = m - 5. What is z(s)?
1
Let w = 14 + -11. Let f(d) = d - 8*d**3 - 6*d + 10*d**3 + 2*d - w*d**2 - 2. Give f(3).
16
Let r(a) be the second derivative of -a**3/6 + 11*a**2/2 - 6*a + 4. Suppose 0 = -5*t - 3*d + 44, t - 4*d - 19 = -8*d. Determine r(t).
4
Let t(b) = -4*b**3 - 10*b**2 - 6*b + 11. Let a(r) = 5*r**3 + 11*r**2 + 7*r - 12. Let p(l) = 5*a(l) + 6*t(l). What is p(5)?
1
Let u(g) = -g**3 + g - 1. Suppose -3 = m - 7. Let w(t) = -m*t**3 + 2*t - 9 + 0*t + 2*t. Let p(h) = -3*u(h) + w(h). Calculate p(0).
-6
Let l(a) be the first derivative of -a**2/2 - a + 1. Let n be l(-3). Let s(h) = 2*h**2 + 1 - 5*h**2 + 3*h**n + h**2. What is s(1)?
2
Let y(u) = u + 1 - 4 + 2. Let j be (-4)/6 + (-2)/(-3). What is y(j)?
-1
Let y(m) = 2*m + 3. Let u be y(-3). Let q(c) = 2797 - 2793 + c**2 - 2*c**2. Give q(u).
-5
Let c = -24 - -24. Let n(l) = -l + 3. Calculate n(c).
3
Let b = -177 - -171. Let y(v) = -v**2 - 7*v - 9. What is y(b)?
-3
Suppose 0 = 5*t - 4*h + 37, -3*t = 4*h - 5*h + 18. Let r(z) = -z**2 - 5*z - 6. Determine r(t).
-6
Let t(a) be the second derivative of -a**5/20 + a**4/3 - a**3/2 + 5*a**2/2 + 27*a. Determine t(4).
-7
Let x(s) be the second derivative of s**5/20 - s**4/6 - s**3/3 + s**2 - 5*s. Determine x(2).
-2
Let g(y) = -2*y - 1. Let q = 33 - 36. Determine g(q).
5
Let b(m) = -4*m**2 - 3*m + 1. Let q(n) = 9*n**2 + 7*n - 2. Let d(z) = -7*b(z) - 3*q(z). Determine d(1).
0
Let r be (16/2 - -3)/1. Let o(g) = 4*g + 3*g - r*g. Let t = -1 + 2. Give o(t).
-4
Let w(p) = p. Suppose 5*x - 8 = x. Suppose -x*y = y. Let c = y + 1. Give w(c).
1
Let f be (2/4)/(3/6). Let c(y) = 1 - f + 3 - y - 4. Calculate c(0).
-1
Let l(j) be the second derivative of 2/3*j**3 + 1/12*j**4 + 1/2